{"id":913,"date":"2024-05-07T20:03:28","date_gmt":"2024-05-07T18:03:28","guid":{"rendered":"https:\/\/tiphaniejars-psychologue.com\/?page_id=913"},"modified":"2025-10-21T13:21:16","modified_gmt":"2025-10-21T11:21:16","slug":"prendre-un-rendez-vous","status":"publish","type":"page","link":"https:\/\/tiphaniejars-psychologue.com\/index.php\/prendre-un-rendez-vous\/","title":{"rendered":"Rendez-vous"},"content":{"rendered":"\n<div class=\"wp-block-group\"><div class=\"wp-block-group__inner-container is-layout-constrained wp-block-group-is-layout-constrained\">\n<div class=\"wp-block-columns is-layout-flex wp-container-core-columns-is-layout-9d6595d7 wp-block-columns-is-layout-flex\">\n<div class=\"wp-block-column is-layout-flow wp-block-column-is-layout-flow\" style=\"flex-basis:100%\">\n<div class=\"wp-block-media-text has-media-on-the-right is-stacked-on-mobile is-vertically-aligned-center\" style=\"grid-template-columns:auto 38%\"><div class=\"wp-block-media-text__content\">\n<p class=\"has-medium-font-size\"><strong>Pour prendre rendez-vous : <\/strong><\/p>\n\n\n\n<p class=\"has-medium-font-size\">&#8211; <strong>Par t\u00e9l\u00e9phone ou SMS<\/strong> :  06 52 72 51 08.<\/p>\n\n\n\n<p class=\"has-medium-font-size\">&#8211; <strong>Par email<\/strong>: <a href=\"mailto:jarstiphanie.psychologue@gmail.com\" title=\"\">jarstiphanie.psychologue@gmail.com.<\/a><\/p>\n\n\n\n<p class=\"has-medium-font-size\">&#8211; <strong>Avec le formulaire de contact ci-dessous<\/strong><\/p>\n<\/div><figure class=\"wp-block-media-text__media\"><img fetchpriority=\"high\" decoding=\"async\" width=\"1024\" height=\"684\" src=\"https:\/\/tiphaniejars-psychologue.com\/wp-content\/uploads\/2025\/04\/pexels-tirachard-kumtanom-112571-733857-1024x684.jpg\" alt=\"\" class=\"wp-image-1520 size-full\" srcset=\"https:\/\/tiphaniejars-psychologue.com\/wp-content\/uploads\/2025\/04\/pexels-tirachard-kumtanom-112571-733857-1024x684.jpg 1024w, https:\/\/tiphaniejars-psychologue.com\/wp-content\/uploads\/2025\/04\/pexels-tirachard-kumtanom-112571-733857-300x200.jpg 300w, https:\/\/tiphaniejars-psychologue.com\/wp-content\/uploads\/2025\/04\/pexels-tirachard-kumtanom-112571-733857-768x513.jpg 768w, https:\/\/tiphaniejars-psychologue.com\/wp-content\/uploads\/2025\/04\/pexels-tirachard-kumtanom-112571-733857-1536x1025.jpg 1536w, https:\/\/tiphaniejars-psychologue.com\/wp-content\/uploads\/2025\/04\/pexels-tirachard-kumtanom-112571-733857-2048x1367.jpg 2048w\" sizes=\"(max-width: 1024px) 100vw, 1024px\" \/><\/figure><\/div>\n<\/div>\n<\/div>\n\n\n\n<p class=\"has-medium-font-size\"><\/p>\n\n\n\n<div style=\"height:100px\" aria-hidden=\"true\" class=\"wp-block-spacer\"><\/div>\n\n\n\n<p class=\"has-text-align-center has-text-color has-link-color has-medium-font-size wp-elements-6c312783818126888476dd2799054a1f\" style=\"color:#61ca11;font-style:italic;font-weight:1000;text-transform:uppercase\"><\/p>\n<\/div><\/div>\n\n\n\n<div style=\"height:100px\" aria-hidden=\"true\" class=\"wp-block-spacer\"><\/div>\n\n\n\n<p><\/p>\n\n\n\n<div class=\"wp-block-group\"><div class=\"wp-block-group__inner-container is-layout-constrained wp-block-group-is-layout-constrained\">\n<p class=\"has-medium-font-size\" style=\"text-decoration:underline\"><strong>Pour information, je ne suis actuellement pas en mesure d\u2019accueillir de nouvelles demandes.<\/strong><\/p>\n\n\n\n<p class=\"has-medium-font-size\">Merci pour votre confiance et l\u2019int\u00e9r\u00eat que vous portez \u00e0 l\u2019accompagnement propos\u00e9.<br>Pour le moment, tous mes cr\u00e9neaux sont complets, et je fonctionne sur liste d\u2019attente. <\/p>\n\n\n\n<p class=\"has-medium-font-size\">Si vous souhaitez \u00eatre recontact\u00e9\u00b7e d\u00e8s qu\u2019une place se lib\u00e8re, je vous invite \u00e0 me transmettre <strong>votre nom et pr\u00e9nom et num\u00e9ro de t\u00e9l\u00e9phone. <\/strong>Vous pouvez \u00e9galement, si vous le souhaitez, ajouter quelques mots sur vos attentes concernant l\u2019accompagnement.<\/p>\n\n\n\n<p class=\"has-medium-font-size\">Si vous souhaitez poursuivre vos recherches d&rsquo;accomapgnement, n&rsquo;h\u00e9sitez pas \u00e0 vous rendre sur l&rsquo;onglet <a href=\"https:\/\/tiphaniejars-psychologue.com\/index.php\/annuaire-des-psychologues\/\" title=\"\">annuaire des psychologues<\/a>.<\/p>\n\n\n\n<p><\/p>\n\n\n\n<p class=\"has-medium-font-size\"><\/p>\n\n\n\n<div class=\"wp-block-group\"><div class=\"wp-block-group__inner-container is-layout-constrained wp-block-group-is-layout-constrained\"><\/div><\/div>\n\n\n\n<p class=\"has-medium-font-size\">Prenez soin de vous,<\/p>\n\n\n\n<div class=\"wp-block-group\"><div class=\"wp-block-group__inner-container is-layout-constrained wp-block-group-is-layout-constrained\">\n<p class=\"has-medium-font-size\">Tiphanie JARS<\/p>\n\n\n\n<div style=\"height:100px\" aria-hidden=\"true\" class=\"wp-block-spacer\"><\/div>\n<\/div><\/div>\n\n\n\n<p class=\"has-medium-font-size\">Pour avoir des informations sur les consultations propos\u00e9es, <a href=\"https:\/\/tiphaniejars-psychologue.com\/index.php\/presentation\/consultations\/\" target=\"_blank\" rel=\"noreferrer noopener\">cliquez ici<\/a><br>Pour avoir des informations sur les tarifs, <a href=\"https:\/\/tiphaniejars-psychologue.com\/index.php\/presentation\/tarifs\/\" target=\"_blank\" rel=\"noreferrer noopener\">cliquez ici<\/a><\/p>\n\n\n\n<div class=\"wp-block-group\"><div class=\"wp-block-group__inner-container is-layout-constrained wp-block-group-is-layout-constrained\">\n<p class=\"has-medium-font-size\"><\/p>\n<\/div><\/div>\n<\/div><\/div>\n\n\n\n<div style=\"height:100px\" aria-hidden=\"true\" class=\"wp-block-spacer\"><\/div>\n\n\n\n<div class=\"wp-block-columns is-layout-flex wp-container-core-columns-is-layout-9d6595d7 wp-block-columns-is-layout-flex\"><\/div>\n\n\n\n<p class=\"has-medium-font-size\"><strong>Contact<\/strong><\/p>\n\n\n\n<div class=\"wpcf7 no-js\" id=\"wpcf7-f201-o1\" lang=\"fr-FR\" dir=\"ltr\" data-wpcf7-id=\"201\">\n<div class=\"screen-reader-response\"><p role=\"status\" aria-live=\"polite\" aria-atomic=\"true\"><\/p> <ul><\/ul><\/div>\n<form action=\"\/index.php\/wp-json\/wp\/v2\/pages\/913#wpcf7-f201-o1\" method=\"post\" class=\"wpcf7-form init\" aria-label=\"Formulaire de contact\" novalidate=\"novalidate\" data-status=\"init\">\n<fieldset class=\"hidden-fields-container\"><input type=\"hidden\" name=\"_wpcf7\" value=\"201\" \/><input type=\"hidden\" name=\"_wpcf7_version\" value=\"6.1.4\" \/><input type=\"hidden\" name=\"_wpcf7_locale\" value=\"fr_FR\" \/><input type=\"hidden\" name=\"_wpcf7_unit_tag\" value=\"wpcf7-f201-o1\" \/><input type=\"hidden\" name=\"_wpcf7_container_post\" value=\"0\" \/><input type=\"hidden\" name=\"_wpcf7_posted_data_hash\" value=\"\" \/>\n<\/fieldset>\n<p><label> Votre nom et prenom<br \/>\n<span class=\"wpcf7-form-control-wrap\" data-name=\"your-name\"><input size=\"40\" maxlength=\"400\" class=\"wpcf7-form-control wpcf7-text wpcf7-validates-as-required\" autocomplete=\"name\" aria-required=\"true\" aria-invalid=\"false\" value=\"\" type=\"text\" name=\"your-name\" \/><\/span> <\/label>\n<\/p>\n<p><label> Votre e-mail<br \/>\n<span class=\"wpcf7-form-control-wrap\" data-name=\"your-email\"><input size=\"40\" maxlength=\"400\" class=\"wpcf7-form-control wpcf7-email wpcf7-validates-as-required wpcf7-text wpcf7-validates-as-email\" autocomplete=\"email\" aria-required=\"true\" aria-invalid=\"false\" value=\"\" type=\"email\" name=\"your-email\" \/><\/span> <\/label>\n<\/p>\n<p><label> Objet<br \/>\n<span class=\"wpcf7-form-control-wrap\" data-name=\"your-subject\"><input size=\"40\" maxlength=\"400\" class=\"wpcf7-form-control wpcf7-text wpcf7-validates-as-required\" aria-required=\"true\" aria-invalid=\"false\" value=\"\" type=\"text\" name=\"your-subject\" \/><\/span> <\/label>\n<\/p>\n<p><label> Votre message<br \/>\n<span class=\"wpcf7-form-control-wrap\" data-name=\"your-message\"><textarea cols=\"40\" rows=\"10\" maxlength=\"2000\" class=\"wpcf7-form-control wpcf7-textarea\" aria-invalid=\"false\" name=\"your-message\"><\/textarea><\/span> <\/label>\n<\/p>\n<p><input class=\"wpcf7-form-control wpcf7-submit has-spinner\" type=\"submit\" value=\"Envoyer\" \/>\n<\/p><div class=\"wpcf7-response-output\" aria-hidden=\"true\"><\/div>\n<\/form>\n<\/div>\n\n\n\n\n<div class=\"wp-block-columns has-background is-layout-flex wp-container-core-columns-is-layout-9d6595d7 wp-block-columns-is-layout-flex\" style=\"background-color:#7aa228\">\n<div class=\"wp-block-column has-background is-layout-flow wp-block-column-is-layout-flow\" style=\"background-color:#7aa228\">\n<p class=\"has-white-color has-text-color has-background has-link-color has-medium-font-size wp-elements-7377c794848b6a446c4c6ca14c966022\" style=\"background-color:#7aa228\"><strong>Tiphanie Jars<\/strong><br>Psychologue &#8211; Neuropsychologue<br><br>N\u00b0ADELI : 479305997<br>N\u00b0 RPPS : 10009710210<br>N\u00b0SIRET : 98223319900016<\/p>\n<\/div>\n\n\n\n<div class=\"wp-block-column has-background is-layout-flow wp-block-column-is-layout-flow\" style=\"background-color:#7aa228;flex-basis:50px\"><\/div>\n\n\n\n<div class=\"wp-block-column has-background is-layout-flow wp-block-column-is-layout-flow\" style=\"background-color:#7aa228\">\n<p class=\"has-white-color has-text-color has-background has-link-color has-medium-font-size wp-elements-f46d99aa9af14fde915a057a36e8d677\" style=\"background-color:#7aa228\"><strong>Tel : 06 52 72 51 08<\/strong><br><a href=\"mailto:jarstiphanie.psychologue@gmail.com\" target=\"_blank\" rel=\"noopener\" title=\"\">jarstiphanie.psychologue@gmail.com<\/a><br><br><strong>RDV e<strong>n ligne<\/strong>, distanciel, visio<\/strong><\/p>\n<\/div>\n<\/div>\n","protected":false},"excerpt":{"rendered":"<p>Pour prendre rendez-vous : &#8211; Par t\u00e9l\u00e9phone ou SMS : 06 52 72 51 08. &#8211; Par email: jarstiphanie.psychologue@gmail.com. &#8211; Avec le formulaire de contact ci-dessous Pour information, je ne suis actuellement pas en mesure d\u2019accueillir de nouvelles demandes. Merci pour votre confiance et l\u2019int\u00e9r\u00eat que vous portez \u00e0 l\u2019accompagnement propos\u00e9.Pour le moment, tous mes [&hellip;]<\/p>\n","protected":false},"author":1,"featured_media":0,"parent":0,"menu_order":0,"comment_status":"closed","ping_status":"closed","template":"","meta":{"footnotes":""},"class_list":["post-913","page","type-page","status-publish","hentry"],"aioseo_notices":[],"_links":{"self":[{"href":"https:\/\/tiphaniejars-psychologue.com\/index.php\/wp-json\/wp\/v2\/pages\/913","targetHints":{"allow":["GET"]}}],"collection":[{"href":"https:\/\/tiphaniejars-psychologue.com\/index.php\/wp-json\/wp\/v2\/pages"}],"about":[{"href":"https:\/\/tiphaniejars-psychologue.com\/index.php\/wp-json\/wp\/v2\/types\/page"}],"author":[{"embeddable":true,"href":"https:\/\/tiphaniejars-psychologue.com\/index.php\/wp-json\/wp\/v2\/users\/1"}],"replies":[{"embeddable":true,"href":"https:\/\/tiphaniejars-psychologue.com\/index.php\/wp-json\/wp\/v2\/comments?post=913"}],"version-history":[{"count":63,"href":"https:\/\/tiphaniejars-psychologue.com\/index.php\/wp-json\/wp\/v2\/pages\/913\/revisions"}],"predecessor-version":[{"id":1800,"href":"https:\/\/tiphaniejars-psychologue.com\/index.php\/wp-json\/wp\/v2\/pages\/913\/revisions\/1800"}],"wp:attachment":[{"href":"https:\/\/tiphaniejars-psychologue.com\/index.php\/wp-json\/wp\/v2\/media?parent=913"}],"curies":[{"name":"wp","href":"https:\/\/api.w.org\/{rel}","templated":true}]}}