{"id":1683,"date":"2025-10-15T16:17:39","date_gmt":"2025-10-15T14:17:39","guid":{"rendered":"https:\/\/tiphaniejars-psychologue.com\/?page_id=1683"},"modified":"2025-10-21T13:39:18","modified_gmt":"2025-10-21T11:39:18","slug":"base-de-donnees-de-ressources-en-psychologie","status":"publish","type":"page","link":"https:\/\/tiphaniejars-psychologue.com\/index.php\/base-de-donnees-de-ressources-en-psychologie\/","title":{"rendered":"Base de donn\u00e9es de Ressources en Psychologie"},"content":{"rendered":"\n<p><\/p>\n\n\n\n<p class=\"has-medium-font-size\">La psychologie est un champ vaste et passionnant, mais elle peut parfois sembler myst\u00e9rieuse avec son jargon et ses concepts complexes.<\/p>\n\n\n\n<p class=\"has-medium-font-size\">J\u2019ai choisi de consacrer une partie de ce site \u00e0 la diffusion d\u2019informations et de ressources, en rassemblant divers documents issus de diff\u00e9rentes plateformes.<\/p>\n\n\n\n<p class=\"has-medium-font-size\">Certains semblent parfaits pour les \u00e9tudiant\u00b7es, d\u2019autres constituent une mine d\u2019or pour les professionnel\u00b7les, et d\u2019autres encore s\u2019adressent aux personnes concern\u00e9\u00b7es par des difficult\u00e9s psychologiques ou \u00e0 leurs proches \u2014 et parfois, tout cela se croise, et c\u2019est tr\u00e8s bien ainsi.<\/p>\n\n\n\n<p class=\"has-medium-font-size\">Il me para\u00eet essentiel de communiquer sur la sant\u00e9 mentale, de sensibiliser et de rendre accessibles les connaissances en psychologie, cette base de donn\u00e9es participe \u00e0 ce mouvement.<\/p>\n\n\n\n<p class=\"has-medium-font-size\">Parfois, consulter un\u00b7e professionnel\u00b7le est essentiel. D\u2019autres fois, une ressource, une lecture ou une vid\u00e9o peuvent d\u00e9j\u00e0 contribuer \u00e0 notre bien-\u00eatre.<\/p>\n\n\n\n<p class=\"has-medium-font-size\">N&rsquo;h\u00e9sitez pas \u00e0 prendre le temps d\u2019explorer, de lire, de regarder et d\u2019\u00e9couter.<\/p>\n\n\n\n<p class=\"has-medium-font-size\"><\/p>\n\n\n\n<div style=\"height:100px\" aria-hidden=\"true\" class=\"wp-block-spacer\"><\/div>\n\n\n\n<p class=\"has-medium-font-size\"><span style=\"text-decoration: underline;\">Comment utiliser la base de donn\u00e9es ci-dessous:<\/span><\/p>\n\n\n\n<figure class=\"wp-block-video\"><video height=\"762\" style=\"aspect-ratio: 1912 \/ 762;\" width=\"1912\" controls src=\"https:\/\/tiphaniejars-psychologue.com\/wp-content\/uploads\/2025\/10\/video-explication-utilisation-base-de-donnees-en-psychologie.mp4\"><\/video><\/figure>\n\n\n\n<p><\/p>\n\n\n\n<p><\/p>\n\n\n\n<div style=\"height:100px\" aria-hidden=\"true\" class=\"wp-block-spacer\"><\/div>\n\n\n\n<p class=\"has-medium-font-size\"><span style=\"text-decoration: underline;\">Base de donn\u00e9es<\/span> (necessite parfois un peu de temps pour apparaitre) :<\/p>\n\n\n\n<iframe src=\"https:\/\/bitter-marten-b93.notion.site\/ebd\/28c449b1ca2780ca8f9fc45626b41655?v=28c449b1ca278079a03a000cb812fc19\" width=\"100%\" height=\"600\" frameborder=\"0\" allowfullscreen \/>\n\n\n\n<div style=\"height:100px\" aria-hidden=\"true\" class=\"wp-block-spacer\"><\/div>\n\n\n\n<p>Ces ressources renvoies vers divers sites tels que:<\/p>\n\n\n\n<ul class=\"wp-block-list\">\n<li><a href=\"http:\/\/www.archipelbw.be\/\" target=\"_blank\" rel=\"noopener\" title=\"\">Archipelbw<\/a><\/li>\n\n\n\n<li><a href=\"https:\/\/3114.fr\/\" target=\"_blank\" rel=\"noopener\" title=\"\">3114<\/a><\/li>\n\n\n\n<li><a href=\"https:\/\/colina-asso.org\/#accompagnementspersonnalises\" target=\"_blank\" rel=\"noopener\" title=\"\">colina<\/a><\/li>\n\n\n\n<li><a href=\"https:\/\/enavanttoutes.fr\/\" target=\"_blank\" rel=\"noopener\" title=\"\">En Avant Toutes<\/a><\/li>\n\n\n\n<li><a href=\"https:\/\/igorthiriez.com\/\" target=\"_blank\" rel=\"noopener\" title=\"\">Igor thiriez<\/a><\/li>\n\n\n\n<li><a href=\"https:\/\/pssmfrance.fr\/\" target=\"_blank\" rel=\"noopener\" title=\"\">PSSM France<\/a><\/li>\n\n\n\n<li><a href=\"https:\/\/santepsy.ch\/\" target=\"_blank\" rel=\"noopener\" title=\"\">Sant\u00e9 Psy<\/a><\/li>\n\n\n\n<li><a href=\"https:\/\/sofmen.jimdo.com\/documents-en-libre-acc%C3%A8s\/\" target=\"_blank\" rel=\"noopener\" title=\"SOFMEN\">SOFMEN<\/a><\/li>\n\n\n\n<li><a href=\"https:\/\/tcc.apprendre-la-psychologie.fr\/\" target=\"_blank\" rel=\"noopener\" title=\"\">TCC apprendre la psychologie<\/a><\/li>\n\n\n\n<li><a href=\"https:\/\/tccmontreal.com\/\" target=\"_blank\" rel=\"noopener\" title=\"\">TCC Montr\u00e9al<\/a><\/li>\n\n\n\n<li><a href=\"https:\/\/www.allo119.gouv.fr\/\" target=\"_blank\" rel=\"noopener\" title=\"\">Allo 119<\/a><\/li>\n\n\n\n<li><a href=\"https:\/\/www.crehpsy-hdf.fr\/\" target=\"_blank\" rel=\"noopener\" title=\"\">Cr\u00e9hpsy HDF<\/a><\/li>\n\n\n\n<li><a href=\"https:\/\/www.maisonperchee.org\/\" target=\"_blank\" rel=\"noopener\" title=\"\">Identidys<\/a><\/li>\n\n\n\n<li><a href=\"https:\/\/www.maisonperchee.org\/\" target=\"_blank\" rel=\"noopener\" title=\"\">Maison Perch\u00e9e<\/a><\/li>\n\n\n\n<li><a href=\"https:\/\/www.nice.org.uk\/\" target=\"_blank\" rel=\"noopener\" title=\"\">NICE<\/a><\/li>\n\n\n\n<li><a href=\"https:\/\/www.noustoutes.org\/\" target=\"_blank\" rel=\"noopener\" title=\"\">Nous toutes<\/a><\/li>\n\n\n\n<li><a href=\"https:\/\/www.psycom.org\/\" target=\"_blank\" rel=\"noopener\" title=\"PsyCom\">PsyCom<\/a><\/li>\n\n\n\n<li><a href=\"https:\/\/www.psyintegrative.fr\/\" target=\"_blank\" rel=\"noopener\" title=\"\">Psy int\u00e9grative<\/a><\/li>\n\n\n\n<li><a href=\"https:\/\/www.raptorneuropsy.com\/\" target=\"_blank\" rel=\"noopener\" title=\"\">Raptor neuropsy<\/a><\/li>\n\n\n\n<li><a href=\"https:\/\/www.tdah-sebastienhenrard.com\/\" target=\"_blank\" rel=\"noopener\" title=\"\">Sebastien Henrard<\/a><\/li>\n<\/ul>\n\n\n\n<p><\/p>\n\n\n\n<p>Je vous propose \u00e9galement d&rsquo;autres ressources :<\/p>\n\n\n\n<ul class=\"wp-block-list\">\n<li><a href=\"https:\/\/tiphaniejars-psychologue.com\/index.php\/document-excel-de-cotation-pour-neuropsy\/\" title=\"\">Un document excel de cotation des tests neuropsychologiques<\/a><\/li>\n\n\n\n<li><a href=\"https:\/\/tiphaniejars-psychologue.com\/index.php\/annuaire-des-psychologues\/\" title=\"\">Un repertoire de psychologue<\/a><\/li>\n\n\n\n<li>Un \u00e9crit sur le lien entre le mouvement, la nature et la psychoth\u00e9rapie (\u00e0 venir)<\/li>\n<\/ul>\n","protected":false},"excerpt":{"rendered":"<p>La psychologie est un champ vaste et passionnant, mais elle peut parfois sembler myst\u00e9rieuse avec son jargon et ses concepts complexes. J\u2019ai choisi de consacrer une partie de ce site \u00e0 la diffusion d\u2019informations et de ressources, en rassemblant divers documents issus de diff\u00e9rentes plateformes. Certains semblent parfaits pour les \u00e9tudiant\u00b7es, d\u2019autres constituent une mine [&hellip;]<\/p>\n","protected":false},"author":1,"featured_media":0,"parent":0,"menu_order":0,"comment_status":"closed","ping_status":"closed","template":"","meta":{"footnotes":""},"class_list":["post-1683","page","type-page","status-publish","hentry"],"aioseo_notices":[],"_links":{"self":[{"href":"https:\/\/tiphaniejars-psychologue.com\/index.php\/wp-json\/wp\/v2\/pages\/1683","targetHints":{"allow":["GET"]}}],"collection":[{"href":"https:\/\/tiphaniejars-psychologue.com\/index.php\/wp-json\/wp\/v2\/pages"}],"about":[{"href":"https:\/\/tiphaniejars-psychologue.com\/index.php\/wp-json\/wp\/v2\/types\/page"}],"author":[{"embeddable":true,"href":"https:\/\/tiphaniejars-psychologue.com\/index.php\/wp-json\/wp\/v2\/users\/1"}],"replies":[{"embeddable":true,"href":"https:\/\/tiphaniejars-psychologue.com\/index.php\/wp-json\/wp\/v2\/comments?post=1683"}],"version-history":[{"count":24,"href":"https:\/\/tiphaniejars-psychologue.com\/index.php\/wp-json\/wp\/v2\/pages\/1683\/revisions"}],"predecessor-version":[{"id":1801,"href":"https:\/\/tiphaniejars-psychologue.com\/index.php\/wp-json\/wp\/v2\/pages\/1683\/revisions\/1801"}],"wp:attachment":[{"href":"https:\/\/tiphaniejars-psychologue.com\/index.php\/wp-json\/wp\/v2\/media?parent=1683"}],"curies":[{"name":"wp","href":"https:\/\/api.w.org\/{rel}","templated":true}]}}